 135 and k.
15
Suppose 4*w + 3*w - 14 = 0. Let h(z) = 3*z - 3*z + 16 - w*z. Let q be h(-13). Calculate the highest common divisor of q and 6.
6
Let s(j) = j**3 - 4*j**2 + 3*j - 1. Let v be s(3). Let c be (v - 6)/(-1 - (-9 + 9)). What is the greatest common divisor of c and 7?
7
Suppose -276 = 13*o - 1004. What is the highest common divisor of o and 826?
14
Suppose 7*i - 19*i - 70*i = -242720. What is the greatest common factor of 148 and i?
148
Let i(t) = 25*t + 5. Let z be i(8). Let x = 654 + -444. Suppose -x = -f + w, 4*w - z = -0*f - f. Calculate the greatest common factor of 19 and f.
19
Let a be 6*(5 + ((-162)/4)/(-9)). What is the greatest common factor of 1083 and a?
57
Suppose -5*k + 95 = 5*n - 50, 3*k - 4*n - 59 = 0. Suppose -k*i + 7609 = 1284. Let s be (-3)/(-9) - 68/(-3). What is the greatest common factor of s and i?
23
Suppose z + 5*z = 30. Suppose 3*y + 0*d = 5*d + 53, -2*y + z*d + 27 = 0. Let m be (16/(-20))/(2/(-5)). Calculate the highest common divisor of y and m.
2
Let m be (2 + 4/(-14))/((-24)/(-588)). Let t be ((-14)/(-4) + -3)*-74. Let y = t + m. Calculate the greatest common factor of 45 and y.
5
Let h(z) = -183*z - 870. Let u be h(-5). What is the highest common factor of 3240 and u?
45
Let c(a) = -219*a + 766. Let b be c(-7). What is the greatest common factor of b and 19?
19
Suppose 4*r = 4*y - 23 + 47, -2*r + y = -10. Suppose -5*c + 12*t - 8*t + 1497 = 0, 4*c - r*t - 1196 = 0. What is the greatest common divisor of 43 and c?
43
Suppose -20*x - 7*x + 810 = 0. Suppose -3*b + 7 = -2*b - 3*v, 2*b - x = 2*v. Calculate the highest common factor of b and 171.
19
Suppose 13003 + 72482 = 123*o. What is the highest common factor of o and 5?
5
Let o = -573 + 574. What is the greatest common factor of 1725 and o?
1
Suppose -5*j = -m - 99, -5*m - 50 = -2*j - 2*m. Suppose -j = -3*z + w, z - 2*w = -4 + 7. What is the greatest common divisor of 42 and z?
7
Let d be (-14 + 347 - 1) + 4. Calculate the greatest common factor of d and 616.
56
Suppose 80*x = -8*x - 17*x + 3465. Let c(l) = -3*l**3 - 4*l**2 - 2*l. Let t be c(-2). Suppose x = t*j - 9*j. What is the greatest common factor of 33 and j?
11
Let u(n) = n**2 + 12*n + 42. Let x be u(-8). Let b be 6/8*x*(-20)/(-25). What is the highest common divisor of 66 and b?
6
Let o be (16/(-3))/(16/(-264)). Let s = 66 + -69. Let b be -3 + 5 - s - 15/(-5). What is the greatest common divisor of o and b?
8
Let x be -1 + 4 - (58 - 6). Suppose 5*r = -5*s + s - 18, -2 = 3*s - 2*r. Let c be x/(-5) - s/10. Calculate the highest common factor of 20 and c.
10
Suppose 5*p + 5*h - 190 = 0, 34*p + 3*h = 33*p + 26. What is the highest common divisor of p and 3300?
44
Suppose -k - 48 = -5*k. Suppose -5*l + 3630 = 6*o, l - 2019*o + 2017*o - 742 = 0. Calculate the highest common factor of l and k.
12
Let r be (1986/54 - 4/(-18))*1. Let g(p) = 26*p - p**2 + 7 + 29*p - 14*p. Let u be g(25). What is the highest common divisor of u and r?
37
Let k be 18*3*(-10)/(-3). Suppose 59 = 17*y - 26. Suppose 3*w = y*w + 2, 2*z + 2*w = 142. Calculate the highest common divisor of k and z.
36
Let f(v) = 4*v**2 + 7*v - 6. Let m be f(-6). Suppose -2*w - 10 = 3*w, -4*y - 14*w + 324 = -16*w. What is the highest common divisor of y and m?
16
Let z = 4219 - 4216. Calculate the greatest common divisor of 31 and z.
1
Suppose -2*o = f - 93, 11*f - 15 = 6*f. What is the greatest common divisor of o and 351?
9
Let y be 1 + (3 + -6)/(-1). Suppose 3*v + 4 = 6*v - 2*r, y*r - 16 = 0. What is the greatest common factor of 36 and v?
4
Suppose 1898*y + 36384 = 1906*y. What is the greatest common divisor of 12 and y?
12
Let r be ((-38304)/54)/(-7)*(7 - 1). Calculate the greatest common factor of r and 192.
32
Suppose 0 = z - 2*z - 5, -5*z + 515 = 5*u. Let h = -8766 - -2201. Let c be h/(-91) - (-2)/(-14). What is the highest common factor of u and c?
36
Let v = -260 + 308. Suppose -m = 2*l - 5*l + 80, l + 5*m - v = 0. Calculate the greatest common divisor of l and 8.
4
Let t be (-258)/2*(12/(-32) - (-1180)/(-96)). Calculate the highest common divisor of t and 266.
38
Let m = -105 + 100. Let j be 3*((-161)/(-12) - m/20). Let b = 105 + 100. What is the highest common factor of j and b?
41
Let g = 149 - 101. Let q = 37 + g. Suppose -q*r = -87*r + 4. Calculate the greatest common divisor of 50 and r.
2
Suppose 202836 = 5*n - 27*r + 18*r, 0 = 5*n - 5*r - 202820. What is the highest common divisor of n and 30?
30
Let t be 59/(177/4164) - -1*(-10)/(-2). Calculate the greatest common factor of 5771 and t.
199
Let b = -8052 + 10589. What is the highest common factor of b and 118?
59
Let l be (4 - 154/(-4)) + (-2)/(-4). Calculate the highest common divisor of 2236 and l.
43
Let w(k) = 7225*k. Let x be w(1). Let z be 4/(-5)*x/(-34). Let g = z + -100. What is the greatest common factor of g and 10?
10
Suppose -3*s + 8 = -25. Suppose 1785*f - 716339 = -88019. What is the highest common divisor of f and s?
11
Suppose 0*h - h = -3*a + 208, 3*a + 5*h - 220 = 0. Suppose 3*y - y - 306 = 0. Suppose 155*m - a = y*m. What is the greatest common divisor of 15 and m?
5
Let h = -9699 - -13395. Calculate the greatest common factor of h and 84.
84
Let c = 227 - 202. Let l(g) = -g**3 + 24*g**2 + 31*g - 44. Let x be l(c). Calculate the greatest common factor of 2 and x.
2
Let h(j) = -1976*j - 7304. Let l be h(-4). Calculate the greatest common factor of l and 7680.
120
Suppose 22*d - 5172 = -2268. Let n = -21 - -33. What is the highest common divisor of n and d?
12
Let d be (5/2)/(8/16). Let q be (546/(-30))/(-7) + (-2)/(-5). Let c be -2 + ((-2)/q)/(4/(-42)). Calculate the highest common factor of c and d.
5
Let v(o) = -o - 2*o + 2*o + 11 + 2*o. Let a be v(0). Let w = 958 - 957. What is the highest common divisor of w and a?
1
Let o = -119 - -111. Let d(k) = -6*k - 49. Let b be d(o). Let a be (-33)/4*(47/(-3) - b). Calculate the greatest common divisor of a and 11.
11
Let u be 5/(3/189*9). Calculate the highest common divisor of u and 7175.
35
Suppose k - 8*u + 9*u + 2 = 0, k = 2*u - 2. Let v be (k/(-18))/((-16)/96)*-84. What is the highest common factor of 448 and v?
56
Let p = 2064 - 1570. What is the highest common factor of p and 130?
26
Let c be 846/10 - 2/(-5). Let t = -154 + 174. Suppose -67 - 613 = -t*g. What is the greatest common divisor of g and c?
17
Let x be 30/180 + 5410/12. Calculate the greatest common divisor of x and 319.
11
Suppose -194*s + 16374 = 2406. Let q(a) = a**2 - 5*a + 2. Let j be q(6). Calculate the greatest common divisor of j and s.
8
Suppose 0 = 13*b + 5*b + 34*b - 624. Calculate the greatest common divisor of b and 1038.
6
Suppose -39 = -6*j + 21. Suppose -4*x + 5 = 3*d, 5 = 5*d + j. Let f be (-1)/(x*(-1)/234). Calculate the greatest common divisor of 13 and f.
13
Let b = -26 - -46. Suppose 21*g - b*g + 1 = 0. Let s be (-220 + -22)/(2*g). Calculate the highest common factor of s and 11.
11
Suppose -d + 10 = -4*o, 1443*d - 124 = 1439*d - 5*o. What is the greatest common factor of 28691 and d?
13
Let u = 4447 - 4391. Calculate the greatest common divisor of 24 and u.
8
Suppose -4*r + 101*j - 106*j + 38 = 0, 0 = 2*r + 3*j - 16. Calculate the greatest common factor of r and 64736.
17
Let n be (24/44)/((-21)/(-231)). What is the highest common divisor of n and 24402?
6
Let b = 2967 + -1587. Suppose -7*g + 30*g - b = 0. What is the highest common factor of g and 80?
20
Let m = -6975 - -7461. What is the greatest common divisor of m and 10287?
81
Let t be 25/(-20) - 28819/(-92). What is the highest common factor of 169 and t?
13
Suppose -174*l = -282*l + 16524. Let f be 38 + 4/(4/(-2)). Suppose 4*s - f = -0. What is the greatest common divisor of s and l?
9
Suppose 40*j + 20 = 38*j. Let z = 69 - 47. Let k = j + z. What is the greatest common divisor of 30 and k?
6
Let f(j) = j**2 - j + 3. Let r be f(3). Let n be -3 - (10/25 + 847/(-55)). Calculate the greatest common factor of r and n.
3
Let t be (12/(-9) - -1)*-27. Suppose 4*j - 4*b - 130 = -2*b, 0 = 4*j - 5*b - 139. Let y = j - -41. What is the greatest common factor of y and t?
9
Suppose -332 - 172 = -8*m. Let k be (4/(-6) - 2)*m/(-12). Calculate the highest common divisor of 392 and k.
14
Let g = 37 + -35. Let o(t) = -3*t - 4*t**g - 4 + 4*t + 5*t**2. Let c be o(-7). Calculate the highest